remainder when 14 is divided by a.
4
Suppose 372 = 9*n - 42. What is the remainder when n is divided by 16?
14
Suppose 0*l - 60 = -3*l. Suppose -20 = -6*z + z. Let y = l - z. What is the remainder when 31 is divided by y?
15
Let u = -50 + 74. What is the remainder when u is divided by 5?
4
Let c(f) = f**3 - 6*f**2 - 5*f - 9. Let v be (-8)/2 + 2 - -9. What is the remainder when 13 is divided by c(v)?
3
Let d = -1 - -5. Calculate the remainder when 2*(-57)/(-30)*5 is divided by d.
3
Suppose 0 = 3*m + 2*f - 85 - 14, -m = -4*f - 19. What is the remainder when 121 is divided by m?
28
Suppose 0 = -b + 2 + 1. Suppose 0 = z - 5*y - 33, 5*z + b*y = 2*y + 35. Calculate the remainder when 5 is divided by (12/z)/((-1)/(-2)).
2
Suppose s = -4*k + 38, 0 - 8 = -4*s. What is the remainder when k is divided by 4?
1
Let k(q) = -5*q - 12. Let i be k(-5). Let v = 5 + i. Calculate the remainder when 52 is divided by v.
16
What is the remainder when 12*(-5)/((-30)/8) is divided by 7?
2
Suppose 3*b + 0*b - 12 = 0, -4*d = -3*b - 152. Let c = 18 + d. What is the remainder when c is divided by 16?
11
Suppose 3*f - 25 = -3*h - f, -5*f - 30 = -5*h. Suppose 2*q - 48 = 2*g, -117 = -5*q - 3*g + 11. What is the remainder when q is divided by h?
4
Suppose -69 = f - 108. Calculate the remainder when 73 is divided by f.
34
Let l = 39 - 22. What is the remainder when 48 is divided by l?
14
Let m = 34 + -18. Suppose 4*l - 233 = -45. What is the remainder when l is divided by m?
15
Let l(t) = t**2 - 9*t + 14. Let f be l(11). Calculate the remainder when 21 is divided by 297/f + 2/(-8).
5
Suppose 2*q - 3*q - 2*r = 0, 0 = -r. Suppose -2*j + j + 9 = q. Let d(f) = f**2 - 9*f + 10. Calculate the remainder when 29 is divided by d(j).
9
Let d = 0 + 102. Calculate the remainder when d is divided by 21.
18
Let u(v) = v**2 + 14*v - 27. What is the remainder when u(-18) is divided by 20?
5
Let b = -2 - -6. Calculate the remainder when (1 + -16)/(-14 + 13) is divided by b.
3
Suppose -2*o + 784 = 2*o. Suppose -2*h - o = -6*h. Calculate the remainder when h is divided by 25.
24
Let i(l) = -5*l + 6. Let w(n) = -2*n + 3. Let s(v) = -4*i(v) + 9*w(v). Let k(g) = g. Let p be k(5). Calculate the remainder when 25 is divided by s(p).
12
Let m = -108 + 112. Calculate the remainder when 13 is divided by m.
1
Suppose t + 30 = -2*t. Let d = t - -65. Suppose -2*q + 4*q = 2*y - 40, 4*q = -5*y + d. What is the remainder when 44 is divided by y?
14
Let p = 3 + 6. Calculate the remainder when 24 is divided by p.
6
Suppose -3*o = -52 - 5. Suppose 10 = -2*t, t = v + v - o. What is the remainder when 26 is divided by v?
5
Calculate the remainder when (-16)/3*(-11 + -1) is divided by 15 - (7 + -6 + -8).
20
Suppose -7*n - 58 + 303 = 0. What is the remainder when n is divided by 11?
2
Suppose 0*f + 4 = -l - 3*f, -3*f = -l + 8. What is the remainder when 15 is divided by (-5)/(10/(-8))*l?
7
Let m(p) be the second derivative of 0 + 1/2*p**2 - 1/6*p**3 + p + 0*p**4 + 2/5*p**5. What is the remainder when 22 is divided by m(1)?
6
Let r = -16 + 1. Let v be ((-6)/r)/((-2)/(-370)). Suppose -5*w - 4 + v = 0. Calculate the remainder when w is divided by 5.
4
Suppose -3*o - 5*h = -2*o + 7, 16 = -4*h. Suppose -2*d = -2*z - z - 128, 90 = d + 5*z. Let w = d + -32. Calculate the remainder when w is divided by o.
12
Let x(y) = y**2 - 2*y - 1. Suppose -w = 5*l - 24, -4*w = -9*w + 4*l + 120. Suppose -5*r - w + 84 = 0. What is the remainder when x(-5) is divided by r?
10
Let c(x) = -x + 11. Let w be c(5). Suppose 3*p + 0*p - w = 0. Suppose -5*b + p*u + 36 = 3*u, -b = u - 4. What is the remainder when 15 is divided by b?
7
What is the remainder when 257 is divided by 16/6*10/(80/156)?
49
Let g be 20 - (-4 - 0)/4. Suppose 0 = -g*y + 16*y + 60. What is the remainder when 58 is divided by y?
10
Suppose 68 - 20 = 2*s. Calculate the remainder when s is divided by 7.
3
Let x(j) = j + 2. Let b be x(7). Let a(s) = s**2 - 7*s + 2. Calculate the remainder when 57 is divided by a(b).
17
Let w be -2 - -2 - 1*10. What is the remainder when w/(-25) + 566/10 is divided by 15?
12
Let f(u) = 2*u - 9. Let x be f(6). Calculate the remainder when (0 - -22) + x + -1 is divided by 9.
6
Let t(n) = -11*n - 2. Let w be t(-2). Suppose -7*d + c = -2*d - 40, -5*d - 3*c = -w. What is the remainder when d is divided by 4?
3
Let m(k) = 3*k + 2. What is the remainder when 31 is divided by m(2)?
7
Let t(p) = -4*p**2 + 4*p - p + 4*p**2 + 2*p**2 - 4. Suppose 13 = 3*v - 35. Calculate the remainder when t(-5) is divided by v.
15
Let u be 4/6 - (-42)/18. Suppose 2 = -y, 2*y - 1 = -u*r - 2. Calculate the remainder when 3 is divided by r.
0
Suppose -c + 109 = -5*u, 125 = -3*u - 2*u + 5*c. Let j = 33 + u. What is the remainder when 47 is divided by j?
11
Suppose 0 = 21*u - 25*u + 520. What is the remainder when u is divided by 33?
31
Suppose -3*y + 42 = -105. Let b(p) = 2*p + 18. Let q be b(-13). What is the remainder when y is divided by q*(-1)/(-2) - -21?
15
Suppose -o = 5*u - 2*o - 255, -2*u = o - 109. What is the remainder when u is divided by 9?
7
Let t(f) be the first derivative of f**3/3 + f**2/2 + f - 3. Let g be t(-2). Suppose 0 = g*l - 3 - 12. Calculate the remainder when 9 is divided by l.
4
Let p(b) = 15*b**3 - b**2 - 2*b + 2. Let q = -18 - -26. What is the remainder when p(1) is divided by q?
6
Suppose 3*z + 76 = 2*z. Let c = z - -135. What is the remainder when c is divided by 15?
14
Let y(b) = b**3 - 4*b**2 + 2*b - 6. What is the remainder when y(5) is divided by 16?
13
Let z = 284 - 179. Calculate the remainder when z is divided by 18.
15
Suppose -2*h - 319 = -4*g + 137, 0 = -g - 5*h + 136. Calculate the remainder when g is divided by 30.
26
Suppose -6*r + 163 - 19 = 0. Calculate the remainder when 119 is divided by r.
23
Let p(x) = 3*x**2 - x - 1. Let j be p(-1). Suppose 4*v - 3*v = -5*m + 79, j*v - 3*m - 147 = 0. Let y = v - 34. Calculate the remainder when y is divided by 11.
9
Let u(i) = -6*i**2 + 2*i - 1. Let d be u(-2). Let w = -16 - d. Calculate the remainder when 36 is divided by w.
10
Suppose -34 + 7 = -3*v. What is the remainder when 20 is divided by v?
2
Let j = 3 + 3. Suppose -g = 2*g - j. Suppose -u + 14 = 4*q, g*u + 5*q - 16 = 3. Calculate the remainder when 2 is divided by u.
0
Let n = 11 + -17. What is the remainder when n*(3 + (-38)/6) is divided by 4*11/8*2?
9
Suppose 352 = 2*b + b + v, -2*b + 244 = -4*v. What is the remainder when b is divided by 10?
8
Suppose 0 = f - 29 - 167. Suppose 5*k - 54 = f. What is the remainder when k is divided by 26?
24
Let p be 196/16 + (-2)/8. Suppose -3*z + 0*z + p = 0. Suppose -s + 4*r + 26 - z = 0, -5*s + 5*r = -50. Calculate the remainder when s is divided by 4.
2
Let l = 317 - 266. Let q = 2 - -11. What is the remainder when l is divided by q?
12
Suppose s = 5*s. Suppose h - 7 = -s*h. Calculate the remainder when h is divided by ((-20)/16)/((-1)/4).
2
Suppose -5*h = -13 - 27. Suppose 4*f - 2*f - h = 0. What is the remainder when (-1)/((-8)/(-9) + -1) is divided by f?
1
What is the remainder when ((-70)/21)/(3/(-36) - 0) is divided by 15?
10
Calculate the remainder when 62 is divided by (30/9)/(-1)*72/(-15).
14
Suppose -2*d = -0*d. Suppose m + m = 2*j + 22, 3*m + 4*j - 47 = d. Suppose 0 = 6*p - 3*p - 150. What is the remainder when p is divided by m?
11
Suppose -5*z + 0*z + 10 = 0. Suppose -4*i + 36 = 3*r - z*r, 0 = i - 4. Suppose -3*u + 5*c + 24 = 2*c, 5 = u + 2*c. What is the remainder when r is divided by u?
6
Let s = -30 + 39. Suppose 21 + 39 = 4*c. What is the remainder when c is divided by s?
6
Calculate the remainder when (0 + 15/6)*112/10 is divided by 16.
12
Let o(s) = -s**2 + s. Let p be o(0). Suppose p*i - 5*i + 65 = 0. What is the remainder when 51 is divided by i?
12
Suppose 8 = 2*j - 0*y + 2*y, 0 = -j + 4*y + 9. Suppose k = -j*s + 2*k + 416, s - 2*k = 76. Calculate the remainder when s is divided by 29.
26
Suppose -5*m = 3*y - 6*y - 37, 5*y + 25 = m. Suppose m*q - 160 = 5*z, -3*q + 60 = 2*z - 21. Calculate the remainder when q is divided by 15.
14
Suppose 35 = 3*v - d, -2*v - 2*v + d = -46. Calculate the remainder when 41 is divided by v.
8
Let m = 37 - 33. Calculate the remainder when 19 is divided by m.
3
Let a = 100 + -89. Calculate the remainder when a is divided by 6.
5
Let r(n) = n*